{"id":11461,"date":"2017-08-17T05:43:41","date_gmt":"2017-08-17T03:43:41","guid":{"rendered":"http:\/\/deeptem.com\/classic\/?page_id=11461"},"modified":"2022-03-18T23:37:12","modified_gmt":"2022-03-18T22:37:12","slug":"oferta-m-fast","status":"publish","type":"page","link":"https:\/\/mfast.pl\/?page_id=11461","title":{"rendered":"Oferta"},"content":{"rendered":"\t\t<div data-elementor-type=\"wp-post\" data-elementor-id=\"11461\" class=\"elementor elementor-11461\">\n\t\t\t\t\t\t<section class=\"elementor-section elementor-top-section elementor-element elementor-element-0e20796 elementor-section-boxed elementor-section-height-default elementor-section-height-default\" data-id=\"0e20796\" data-element_type=\"section\" data-settings=\"{&quot;background_background&quot;:&quot;classic&quot;}\">\n\t\t\t\t\t\t<div class=\"elementor-container elementor-column-gap-no\">\n\t\t\t\t\t<div class=\"elementor-column elementor-col-100 elementor-top-column elementor-element elementor-element-c8bb4c4\" data-id=\"c8bb4c4\" data-element_type=\"column\">\n\t\t\t<div class=\"elementor-widget-wrap elementor-element-populated\">\n\t\t\t\t\t\t<section class=\"elementor-section elementor-inner-section elementor-element elementor-element-7f3e77d elementor-section-content-middle elementor-section-boxed elementor-section-height-default elementor-section-height-default\" data-id=\"7f3e77d\" data-element_type=\"section\">\n\t\t\t\t\t\t<div class=\"elementor-container elementor-column-gap-default\">\n\t\t\t\t\t<div class=\"elementor-column elementor-col-50 elementor-inner-column elementor-element elementor-element-e005d27\" data-id=\"e005d27\" data-element_type=\"column\">\n\t\t\t<div class=\"elementor-widget-wrap elementor-element-populated\">\n\t\t\t\t\t\t<div class=\"elementor-element elementor-element-74b48cc elementor-widget elementor-widget-image\" data-id=\"74b48cc\" data-element_type=\"widget\" data-widget_type=\"image.default\">\n\t\t\t\t<div class=\"elementor-widget-container\">\n\t\t\t<style>\/*! elementor - v3.19.0 - 28-02-2024 *\/\n.elementor-widget-image{text-align:center}.elementor-widget-image a{display:inline-block}.elementor-widget-image a img[src$=\".svg\"]{width:48px}.elementor-widget-image img{vertical-align:middle;display:inline-block}<\/style>\t\t\t\t\t\t\t\t\t\t<img fetchpriority=\"high\" decoding=\"async\" width=\"500\" height=\"500\" src=\"https:\/\/mfast.pl\/wp-content\/uploads\/2022\/03\/obraz-oferta3.jpg\" class=\"attachment-the_grid_size2 size-the_grid_size2 wp-image-13081\" alt=\"\" srcset=\"https:\/\/mfast.pl\/wp-content\/uploads\/2022\/03\/obraz-oferta3.jpg 500w, https:\/\/mfast.pl\/wp-content\/uploads\/2022\/03\/obraz-oferta3-300x300.jpg 300w, https:\/\/mfast.pl\/wp-content\/uploads\/2022\/03\/obraz-oferta3-150x150.jpg 150w\" sizes=\"(max-width: 500px) 100vw, 500px\" \/>\t\t\t\t\t\t\t\t\t\t\t\t\t<\/div>\n\t\t\t\t<\/div>\n\t\t\t\t<div class=\"elementor-element elementor-element-93ab7c2 elementor-widget elementor-widget-distance\" data-id=\"93ab7c2\" data-element_type=\"widget\" data-widget_type=\"distance.default\">\n\t\t\t\t<div class=\"elementor-widget-container\">\n\t\t\t<div class=\"wn-distance\"><\/div>\t\t<\/div>\n\t\t\t\t<\/div>\n\t\t\t\t\t<\/div>\n\t\t<\/div>\n\t\t\t\t<div class=\"elementor-column elementor-col-50 elementor-inner-column elementor-element elementor-element-1c85d27 dp-cpr-dtd-sec2\" data-id=\"1c85d27\" data-element_type=\"column\">\n\t\t\t<div class=\"elementor-widget-wrap elementor-element-populated\">\n\t\t\t\t\t\t<div class=\"elementor-element elementor-element-773a837 elementor-invisible elementor-widget elementor-widget-title_builder\" data-id=\"773a837\" data-element_type=\"widget\" data-settings=\"{&quot;_animation&quot;:&quot;fadeInUp&quot;}\" data-widget_type=\"title_builder.default\">\n\t\t\t\t<div class=\"elementor-widget-container\">\n\t\t\t\r\n\t\t<div class=\"wn-deep-title-wrap wn-layer-anim-bottom wn-deep-title-wrap69f218f1895ab  \"><div class=\"wn-deep-title\"><span class=\"wn-deep-title-shape elementor-repeater-item-7b5aa30 after\"><\/span><h2 class=\"  wn-deep-subtitle\">W naszej ofercie<\/h2>\r\n\t\t<\/div><\/div>\t\t<\/div>\n\t\t\t\t<\/div>\n\t\t\t\t<div class=\"elementor-element elementor-element-67a40d8 elementor-widget elementor-widget-distance\" data-id=\"67a40d8\" data-element_type=\"widget\" data-widget_type=\"distance.default\">\n\t\t\t\t<div class=\"elementor-widget-container\">\n\t\t\t<div class=\"wn-distance\"><\/div>\t\t<\/div>\n\t\t\t\t<\/div>\n\t\t\t\t<div class=\"elementor-element elementor-element-2679861 elementor-widget elementor-widget-text-editor\" data-id=\"2679861\" data-element_type=\"widget\" data-widget_type=\"text-editor.default\">\n\t\t\t\t<div class=\"elementor-widget-container\">\n\t\t\t<style>\/*! elementor - v3.19.0 - 28-02-2024 *\/\n.elementor-widget-text-editor.elementor-drop-cap-view-stacked .elementor-drop-cap{background-color:#69727d;color:#fff}.elementor-widget-text-editor.elementor-drop-cap-view-framed .elementor-drop-cap{color:#69727d;border:3px solid;background-color:transparent}.elementor-widget-text-editor:not(.elementor-drop-cap-view-default) .elementor-drop-cap{margin-top:8px}.elementor-widget-text-editor:not(.elementor-drop-cap-view-default) .elementor-drop-cap-letter{width:1em;height:1em}.elementor-widget-text-editor .elementor-drop-cap{float:left;text-align:center;line-height:1;font-size:50px}.elementor-widget-text-editor .elementor-drop-cap-letter{display:inline-block}<\/style>\t\t\t\t<h5><strong>Wykonujemy:<\/strong><b>\n<\/b><br>\n&#8211; schody<br>\n&#8211; balustrady<br>\n&#8211; przeszklenia zadaszenia<br>\n&#8211; konstrukcje ogrodzenia meble<\/h5>\n<div dir=\"ltr\">\n<h5 dir=\"ltr\"><strong>W zale\u017cno\u015bci od kszta\u0142tu zaprojektowanych bieg\u00f3w w rzucie poziomym rozr\u00f3\u017cniamy nast\u0119puj\u0105ce rodzaje schod\u00f3w:<\/strong><\/h5>\n<h5 dir=\"ltr\">&#8211; jednobiegowe dwubiegowe proste<\/h5>\n<h5 dir=\"ltr\">&#8211; dwubiegowe zwyk\u0142e dwubiegowe \u0142amane<\/h5>\n<h5 dir=\"ltr\">&#8211; dwubiegowe z podw\u00f3jnym dolnym lub g\u00f3rnym biegiem<\/h5>\n<h5 dir=\"ltr\">&#8211; tr\u00f3jbiegowe<\/h5>\n<h5 dir=\"ltr\">&#8211; kr\u0119te kr\u0119cone<\/h5>\n<h5 dir=\"ltr\">&#8211; wachlarzowe<\/h5>\n<h5 dir=\"ltr\">&#8211; zabiegowe<\/h5>\n<\/div>\t\t\t\t\t\t<\/div>\n\t\t\t\t<\/div>\n\t\t\t\t\t<\/div>\n\t\t<\/div>\n\t\t\t\t\t<\/div>\n\t\t<\/section>\n\t\t\t\t\t<\/div>\n\t\t<\/div>\n\t\t\t\t\t<\/div>\n\t\t<\/section>\n\t\t\t\t<\/div>\n\t\t","protected":false},"excerpt":{"rendered":"<p>W naszej ofercie Wykonujemy: &#8211; schody &#8211; balustrady &#8211; przeszklenia zadaszenia &#8211; konstrukcje ogrodzenia meble W zale\u017cno\u015bci od kszta\u0142tu zaprojektowanych bieg\u00f3w w rzucie poziomym rozr\u00f3\u017cniamy nast\u0119puj\u0105ce rodzaje schod\u00f3w: &#8211; jednobiegowe dwubiegowe proste &#8211; dwubiegowe zwyk\u0142e dwubiegowe \u0142amane &#8211; dwubiegowe z podw\u00f3jnym dolnym lub g\u00f3rnym biegiem &#8211; tr\u00f3jbiegowe &#8211; kr\u0119te kr\u0119cone &#8211; wachlarzowe &#8211; zabiegowe<\/p>\n","protected":false},"author":1,"featured_media":0,"parent":0,"menu_order":0,"comment_status":"closed","ping_status":"closed","template":"","meta":{"footnotes":""},"class_list":["post-11461","page","type-page","status-publish","hentry"],"yoast_head":"<!-- This site is optimized with the Yoast SEO plugin v22.2 - https:\/\/yoast.com\/wordpress\/plugins\/seo\/ -->\n<title>Oferta - M-FAST<\/title>\n<meta name=\"description\" content=\"Dok\u0142adna oferta firmy M-FAST. Schody, balustrady, przeszklenia, zadaszenia, konstrukcje, ogrodzenia, meble.\" \/>\n<meta name=\"robots\" content=\"index, follow, max-snippet:-1, max-image-preview:large, max-video-preview:-1\" \/>\n<link rel=\"canonical\" href=\"https:\/\/mfast.pl\/?page_id=11461\" \/>\n<meta property=\"og:locale\" content=\"pl_PL\" \/>\n<meta property=\"og:type\" content=\"article\" \/>\n<meta property=\"og:title\" content=\"Oferta - M-FAST\" \/>\n<meta property=\"og:description\" content=\"Dok\u0142adna oferta firmy M-FAST. Schody, balustrady, przeszklenia, zadaszenia, konstrukcje, ogrodzenia, meble.\" \/>\n<meta property=\"og:url\" content=\"https:\/\/mfast.pl\/?page_id=11461\" \/>\n<meta property=\"og:site_name\" content=\"M-FAST\" \/>\n<meta property=\"article:modified_time\" content=\"2022-03-18T22:37:12+00:00\" \/>\n<meta property=\"og:image\" content=\"https:\/\/mfast.pl\/wp-content\/uploads\/2022\/03\/obraz-oferta3.jpg\" \/>\n<meta name=\"twitter:card\" content=\"summary_large_image\" \/>\n<meta name=\"twitter:label1\" content=\"Szacowany czas czytania\" \/>\n\t<meta name=\"twitter:data1\" content=\"1 minuta\" \/>\n<script type=\"application\/ld+json\" class=\"yoast-schema-graph\">{\"@context\":\"https:\/\/schema.org\",\"@graph\":[{\"@type\":\"WebPage\",\"@id\":\"https:\/\/mfast.pl\/?page_id=11461\",\"url\":\"https:\/\/mfast.pl\/?page_id=11461\",\"name\":\"Oferta - M-FAST\",\"isPartOf\":{\"@id\":\"https:\/\/mfast.pl\/#website\"},\"primaryImageOfPage\":{\"@id\":\"https:\/\/mfast.pl\/?page_id=11461#primaryimage\"},\"image\":{\"@id\":\"https:\/\/mfast.pl\/?page_id=11461#primaryimage\"},\"thumbnailUrl\":\"https:\/\/mfast.pl\/wp-content\/uploads\/2022\/03\/obraz-oferta3.jpg\",\"datePublished\":\"2017-08-17T03:43:41+00:00\",\"dateModified\":\"2022-03-18T22:37:12+00:00\",\"description\":\"Dok\u0142adna oferta firmy M-FAST. Schody, balustrady, przeszklenia, zadaszenia, konstrukcje, ogrodzenia, meble.\",\"breadcrumb\":{\"@id\":\"https:\/\/mfast.pl\/?page_id=11461#breadcrumb\"},\"inLanguage\":\"pl-PL\",\"potentialAction\":[{\"@type\":\"ReadAction\",\"target\":[\"https:\/\/mfast.pl\/?page_id=11461\"]}]},{\"@type\":\"ImageObject\",\"inLanguage\":\"pl-PL\",\"@id\":\"https:\/\/mfast.pl\/?page_id=11461#primaryimage\",\"url\":\"https:\/\/mfast.pl\/wp-content\/uploads\/2022\/03\/obraz-oferta3.jpg\",\"contentUrl\":\"https:\/\/mfast.pl\/wp-content\/uploads\/2022\/03\/obraz-oferta3.jpg\"},{\"@type\":\"BreadcrumbList\",\"@id\":\"https:\/\/mfast.pl\/?page_id=11461#breadcrumb\",\"itemListElement\":[{\"@type\":\"ListItem\",\"position\":1,\"name\":\"Home\",\"item\":\"https:\/\/mfast.pl\/\"},{\"@type\":\"ListItem\",\"position\":2,\"name\":\"Oferta\"}]},{\"@type\":\"WebSite\",\"@id\":\"https:\/\/mfast.pl\/#website\",\"url\":\"https:\/\/mfast.pl\/\",\"name\":\"M-FAST\",\"description\":\"\",\"potentialAction\":[{\"@type\":\"SearchAction\",\"target\":{\"@type\":\"EntryPoint\",\"urlTemplate\":\"https:\/\/mfast.pl\/?s={search_term_string}\"},\"query-input\":\"required name=search_term_string\"}],\"inLanguage\":\"pl-PL\"}]}<\/script>\n<!-- \/ Yoast SEO plugin. -->","yoast_head_json":{"title":"Oferta - M-FAST","description":"Dok\u0142adna oferta firmy M-FAST. Schody, balustrady, przeszklenia, zadaszenia, konstrukcje, ogrodzenia, meble.","robots":{"index":"index","follow":"follow","max-snippet":"max-snippet:-1","max-image-preview":"max-image-preview:large","max-video-preview":"max-video-preview:-1"},"canonical":"https:\/\/mfast.pl\/?page_id=11461","og_locale":"pl_PL","og_type":"article","og_title":"Oferta - M-FAST","og_description":"Dok\u0142adna oferta firmy M-FAST. Schody, balustrady, przeszklenia, zadaszenia, konstrukcje, ogrodzenia, meble.","og_url":"https:\/\/mfast.pl\/?page_id=11461","og_site_name":"M-FAST","article_modified_time":"2022-03-18T22:37:12+00:00","og_image":[{"url":"https:\/\/mfast.pl\/wp-content\/uploads\/2022\/03\/obraz-oferta3.jpg"}],"twitter_card":"summary_large_image","twitter_misc":{"Szacowany czas czytania":"1 minuta"},"schema":{"@context":"https:\/\/schema.org","@graph":[{"@type":"WebPage","@id":"https:\/\/mfast.pl\/?page_id=11461","url":"https:\/\/mfast.pl\/?page_id=11461","name":"Oferta - M-FAST","isPartOf":{"@id":"https:\/\/mfast.pl\/#website"},"primaryImageOfPage":{"@id":"https:\/\/mfast.pl\/?page_id=11461#primaryimage"},"image":{"@id":"https:\/\/mfast.pl\/?page_id=11461#primaryimage"},"thumbnailUrl":"https:\/\/mfast.pl\/wp-content\/uploads\/2022\/03\/obraz-oferta3.jpg","datePublished":"2017-08-17T03:43:41+00:00","dateModified":"2022-03-18T22:37:12+00:00","description":"Dok\u0142adna oferta firmy M-FAST. Schody, balustrady, przeszklenia, zadaszenia, konstrukcje, ogrodzenia, meble.","breadcrumb":{"@id":"https:\/\/mfast.pl\/?page_id=11461#breadcrumb"},"inLanguage":"pl-PL","potentialAction":[{"@type":"ReadAction","target":["https:\/\/mfast.pl\/?page_id=11461"]}]},{"@type":"ImageObject","inLanguage":"pl-PL","@id":"https:\/\/mfast.pl\/?page_id=11461#primaryimage","url":"https:\/\/mfast.pl\/wp-content\/uploads\/2022\/03\/obraz-oferta3.jpg","contentUrl":"https:\/\/mfast.pl\/wp-content\/uploads\/2022\/03\/obraz-oferta3.jpg"},{"@type":"BreadcrumbList","@id":"https:\/\/mfast.pl\/?page_id=11461#breadcrumb","itemListElement":[{"@type":"ListItem","position":1,"name":"Home","item":"https:\/\/mfast.pl\/"},{"@type":"ListItem","position":2,"name":"Oferta"}]},{"@type":"WebSite","@id":"https:\/\/mfast.pl\/#website","url":"https:\/\/mfast.pl\/","name":"M-FAST","description":"","potentialAction":[{"@type":"SearchAction","target":{"@type":"EntryPoint","urlTemplate":"https:\/\/mfast.pl\/?s={search_term_string}"},"query-input":"required name=search_term_string"}],"inLanguage":"pl-PL"}]}},"_links":{"self":[{"href":"https:\/\/mfast.pl\/index.php?rest_route=\/wp\/v2\/pages\/11461","targetHints":{"allow":["GET"]}}],"collection":[{"href":"https:\/\/mfast.pl\/index.php?rest_route=\/wp\/v2\/pages"}],"about":[{"href":"https:\/\/mfast.pl\/index.php?rest_route=\/wp\/v2\/types\/page"}],"author":[{"embeddable":true,"href":"https:\/\/mfast.pl\/index.php?rest_route=\/wp\/v2\/users\/1"}],"replies":[{"embeddable":true,"href":"https:\/\/mfast.pl\/index.php?rest_route=%2Fwp%2Fv2%2Fcomments&post=11461"}],"version-history":[{"count":102,"href":"https:\/\/mfast.pl\/index.php?rest_route=\/wp\/v2\/pages\/11461\/revisions"}],"predecessor-version":[{"id":13232,"href":"https:\/\/mfast.pl\/index.php?rest_route=\/wp\/v2\/pages\/11461\/revisions\/13232"}],"wp:attachment":[{"href":"https:\/\/mfast.pl\/index.php?rest_route=%2Fwp%2Fv2%2Fmedia&parent=11461"}],"curies":[{"name":"wp","href":"https:\/\/api.w.org\/{rel}","templated":true}]}}